?
False
Is 96257851423 composite?
False
Is 291583343 a prime number?
False
Is 4193265785 prime?
False
Is 49165612597 a composite number?
False
Is 263211587 composite?
False
Is 295962787 composite?
False
Is 2897180111 a prime number?
False
Is 8593494551 a prime number?
True
Is 57267841 prime?
True
Is 12379344815 prime?
False
Is 90205755457 composite?
True
Is 176254579 prime?
True
Is 15563580779 prime?
True
Is 471491011 a composite number?
False
Is 3155715551 composite?
True
Is 52486676699 prime?
True
Is 23550625211 a composite number?
True
Is 4895412857 a composite number?
False
Is 65821720343 prime?
False
Is 7406316481 prime?
False
Is 20276291521 prime?
True
Is 14324329 a composite number?
False
Is 595220253 a composite number?
True
Is 2429362847 composite?
False
Is 10951412683 composite?
True
Is 31238910557 a prime number?
True
Is 4510226431 composite?
True
Is 1385969539 a prime number?
False
Is 199161707 a composite number?
True
Is 73161199 composite?
False
Is 645217861 composite?
True
Is 110800695147 a prime number?
False
Is 2864341471 composite?
True
Is 2668018531 composite?
True
Is 3640289767 composite?
False
Is 840357959 prime?
False
Is 4168207247 a prime number?
True
Is 115621469 a prime number?
True
Is 1124551217 a prime number?
False
Is 189986081 composite?
False
Is 42895282879 a composite number?
False
Is 108969379 prime?
False
Is 175458117259 a composite number?
False
Is 4200910999 a composite number?
False
Is 31054675439 composite?
False
Is 2137014697 a prime number?
True
Is 3220008059 prime?
True
Is 683400703 a prime number?
False
Is 41383451 a prime number?
True
Is 831479321 a prime number?
True
Is 253242287 composite?
False
Is 61355955737 a composite number?
True
Is 661186007 a prime number?
True
Is 24344590133 prime?
True
Is 564512995 prime?
False
Is 3909038977 a composite number?
True
Is 3080066609 prime?
False
Is 3537895243 a composite number?
True
Is 294279967 composite?
False
Is 1629682651 a composite number?
False
Is 306264223 composite?
False
Is 1674887971 a prime number?
True
Is 5311046123 a prime number?
True
Is 261713147 composite?
True
Is 164967332329 a composite number?
True
Is 2041152229 a composite number?
False
Is 965640703 prime?
True
Is 2489575457 composite?
False
Is 2070644027 a prime number?
False
Is 5663064139 prime?
False
Is 24778026671 composite?
False
Is 321258101 a prime number?
False
Is 5875882759 a composite number?
False
Is 4348145189 a composite number?
True
Is 1485469441 a composite number?
False
Is 2802880207 composite?
False
Is 958863467 prime?
True
Is 12031870073 composite?
False
Is 17798357231 a composite number?
False
Is 21371283833 composite?
False
Is 1380497077 a prime number?
False
Is 2847092683 a composite number?
False
Is 6639568589 prime?
False
Is 3719518001 a prime number?
True
Is 49823845 a prime number?
False
Is 33634645417 composite?
True
Is 19556300289 a composite number?
True
Is 438890287 a prime number?
False
Is 18360223454 a composite number?
True
Is 424675369 a composite number?
False
Is 101704779977 composite?
True
Is 1791747961 prime?
True
Is 2337657593 composite?
False
Is 443006329 a composite number?
False
Is 5001470633 prime?
False
Is 8858695841 a composite number?
True
Is 27114227081 a composite number?
True
Is 215709139 composite?
True
Is 9287459401 a composite number?
True
Is 299510287 composite?
False
Is 33214816709 a composite number?
False
Is 2364670513 a prime number?
False
Is 910894861 prime?
False
Is 10112413449 composite?
True
Is 29332603661 prime?
True
Is 5125155623 a prime number?
False
Is 21175858139 composite?
False
Is 536531041 prime?
True
Is 108915817 composite?
True
Is 31497447361 prime?
True
Is 50441435479 a prime number?
True
Is 8877935581 composite?
False
Is 7573523 a prime number?
False
Is 65039137381 prime?
True
Is 787039619 prime?
True
Is 1009369493 composite?
True
Is 41686243129 prime?
True
Is 8886234689 prime?
False
Is 33790377191 a composite number?
True
Is 11871864083 prime?
True
Is 2377143179 composite?
True
Is 1349481059 prime?
True
Is 50106031 a prime number?
True
Is 76057720909 a composite number?
False
Is 159094158203 a composite number?
False
Is 888820111 prime?
True
Is 45032997241 composite?
False
Is 1555379467 a prime number?
False
Is 3431456653 a prime number?
True
Is 5892596173 prime?
True
Is 1112308619 prime?
False
Is 130191411661 a composite number?
True
Is 146521518281 prime?
True
Is 15564226 a composite number?
True
Is 40645089487 composite?
False
Is 1181417143 a composite number?
False
Is 30877408787 a prime number?
True
Is 46502787941 composite?
False
Is 878578963 a prime number?
True
Is 3875945981 a composite number?
False
Is 658890469 prime?
False
Is 2430794461 a prime number?
True
Is 11819475047 composite?
False
Is 498275557 a prime number?
False
Is 879362881 a prime number?
True
Is 4688998967 composite?
False
Is 39953164711 a composite number?
False
Is 3052511989 prime?
False
Is 309568298447 a composite number?
True
Is 35119301663 composite?
False
Is 3080387129 a composite number?
True
Is 424621409 a composite number?
False
Is 8080277311 composite?
False
Is 1114036393 a prime number?
False
Is 6820186547 prime?
False
Is 5438825239 a prime number?
True
Is 198308219 prime?
True
Is 2418019547 a composite number?
False
Is 5242345463 prime?
True
Is 127165217 prime?
True
Is 17448546193 prime?
False
Is 3241275041 a composite number?
False
Is 85770791177 a prime number?
True
Is 13732535813 prime?
True
Is 3486056003 composite?
False
Is 11557656983 composite?
False
Is 1789738001 prime?
True
Is 79797675569 composite?
False
Is 2198739059 a prime number?
False
Is 411888649 a composite number?
True
Is 155819921 a prime number?
True
Is 9764475841 a composite number?
False
Is 66770217889 a prime number?
True
Is 669787166 a composite number?
True
Is 10476893769 composite?
True
Is 71432359 a prime number?
True
Is 6743317613 prime?
True
Is 23428216939 a composite number?
False
Is 1119649147 a composite number?
False
Is 4105540567 composite?
False
Is 1682436443 composite?
True
Is 50791122271 composite?
False
Is 8803675801 composite?
False
Is 192864317 composite?
False
Is 13933060409 prime?
True
Is 969699509 composite?
True
Is 3121349351 a composite number?
True
Is 886561571 prime?
False
Is 17505036983 a composite number?
True
Is 1377143171 prime?
True
Is 10718479657 composite?
True
Is 28819185119 a composite number?
False
Is 397485293 a prime number?
True
Is 1440811369 a composite number?
False
Is 4820690183 composite?
True
Is 19084349959 composite?
False
Is 867985829 a composite number?
False
Is 411485077 composite?
True
Is 411311683 prime?
False
Is 1433881367 a composite number?
False
Is 5516757469 a prime number?
False
Is 10614147383 prime?
False
Is 174168111607 a composite number?
True
Is 98855611 prime?
True
Is 147753101707 a composite number?
False
Is 20436721337 composite?
True
Is 7786204487 composite?
False
Is 5107747081 prime?
False
Is 695134841 composite?
True
Is 280924249 composite?
True
Is 43076102569 composite?
False
Is 27661243199 prime?
True
Is 167386958837 a composite number?
True
Is 6974019671 a composite number?
False
Is 1133554341 a prime number?
False
Is 1700263437 prime?
False
Is 4321954631 a composite number?
False
Is 1047649153 prime?
False
Is 8342546249 composite?
True
Is 8037144209 a prime number?
True
Is 4678621669 prime?
False
Is 37987112029 a prime number?
False
Is 3597562187 a prime number?
True
Is 4439628329 prime?
True
Is 2003570617 a prime number?
False
Is 1270255813 prime?
True
Is 1908905003 composite?
False
Is 7137695783 a prime number?
False
Is 81748749271 composite?
True
Is 10930261679 prime?
True
Is 4875422597 composite?
True
Is 2131907 a composite number?
False
Is 2151768533 a prime number?
False
Is 127732009 composite?
False
Is 2854223579 prime?
False
Is 110677631941 a composite number?
False
Is 999752101 a composite number?
False
Is 309086749 a composite number?
False
Is 2234652919 composite?
True
Is 2928884677 a composite number?
False
Is 34508300717 a composite number?
True
Is 6634777 prime?
False
Is 753899623 prime?
False
Is 2347658777 prime?
False
Is 103256312917 a composite number?
True
Is 1606365991 a composite number?
False
Is 1582968133 a composite number?
False
Is 35236897901 a composite number?
F